23 a multiple of 7?
True
Is 11160 a multiple of 20?
True
Is 23 a factor of 7084?
True
Is 53 a factor of 1113?
True
Is 7 a factor of 6008?
False
Does 93 divide 10983?
False
Does 10 divide 276?
False
Is 18 a factor of 1386?
True
Is 13 a factor of 1755?
True
Is 17 a factor of 16677?
True
Is 12 a factor of 420?
True
Is 99 a factor of 36414?
False
Is 7 a factor of 2639?
True
Is 84 a factor of 1456?
False
Does 6 divide 339?
False
Is 222 a multiple of 5?
False
Does 14 divide 25508?
True
Is 208 a multiple of 52?
True
Is 697 a multiple of 2?
False
Is 2 a factor of 16128?
True
Is 6 a factor of 2316?
True
Does 4 divide 305?
False
Is 21 a factor of 1516?
False
Does 30 divide 2971?
False
Is 16 a factor of 516?
False
Is 5638 a multiple of 3?
False
Does 153 divide 37026?
True
Is 99 a factor of 5445?
True
Is 30480 a multiple of 80?
True
Does 27 divide 729?
True
Is 25 a factor of 2420?
False
Is 715 a multiple of 9?
False
Is 6 a factor of 1014?
True
Is 48 a multiple of 24?
True
Does 74 divide 767?
False
Is 601 a multiple of 74?
False
Does 65 divide 8574?
False
Does 27 divide 2538?
True
Is 57 a factor of 912?
True
Is 3222 a multiple of 10?
False
Is 88 a multiple of 8?
True
Does 107 divide 4280?
True
Is 30739 a multiple of 213?
False
Is 8713 a multiple of 58?
False
Is 10909 a multiple of 53?
False
Is 23 a factor of 23?
True
Is 17 a factor of 119?
True
Is 3015 a multiple of 15?
True
Is 15 a factor of 287?
False
Is 12 a factor of 905?
False
Does 6 divide 894?
True
Is 3780 a multiple of 30?
True
Is 57 a factor of 912?
True
Is 13654 a multiple of 125?
False
Does 13 divide 1801?
False
Is 4 a factor of 48?
True
Is 3 a factor of 1379?
False
Is 64 a factor of 8000?
True
Is 20 a factor of 2460?
True
Is 2 a factor of 55?
False
Is 877 a multiple of 65?
False
Does 57 divide 1254?
True
Is 3 a factor of 108?
True
Does 17 divide 493?
True
Does 133 divide 35235?
False
Is 8904 a multiple of 12?
True
Is 8 a factor of 151?
False
Does 7 divide 76?
False
Does 20 divide 16460?
True
Is 95 a factor of 6238?
False
Is 8946 a multiple of 142?
True
Does 41 divide 820?
True
Is 39 a factor of 2730?
True
Does 15 divide 245?
False
Does 320 divide 39846?
False
Is 3 a factor of 153?
True
Is 230 a multiple of 10?
True
Is 101 a factor of 12625?
True
Does 32 divide 36736?
True
Is 20949 a multiple of 85?
False
Does 11 divide 517?
True
Does 8 divide 1280?
True
Is 2 a factor of 118?
True
Is 13137 a multiple of 87?
True
Does 7 divide 26032?
False
Is 45 a factor of 11349?
False
Is 8 a factor of 943?
False
Is 14 a factor of 4688?
False
Does 69 divide 449?
False
Is 20 a factor of 13967?
False
Does 9 divide 1323?
True
Is 703 a multiple of 16?
False
Is 33 a factor of 495?
True
Is 78 a multiple of 6?
True
Is 27 a factor of 3728?
False
Is 5 a factor of 195?
True
Is 5560 a multiple of 20?
True
Does 191 divide 3247?
True
Is 6837 a multiple of 32?
False
Is 170 a multiple of 10?
True
Is 1307 a multiple of 12?
False
Is 3057 a multiple of 76?
False
Does 11 divide 15182?
False
Is 2287 a multiple of 111?
False
Does 23 divide 184?
True
Does 20 divide 2320?
True
Is 124 a factor of 17112?
True
Is 34242 a multiple of 10?
False
Is 2212 a multiple of 158?
True
Does 236 divide 18748?
False
Is 11 a factor of 1136?
False
Is 30 a factor of 411?
False
Is 13 a factor of 587?
False
Is 95 a multiple of 10?
False
Is 37 a factor of 1369?
True
Is 49 a factor of 4737?
False
Is 9360 a multiple of 54?
False
Is 14 a factor of 5642?
True
Is 6 a factor of 799?
False
Is 1321 a multiple of 34?
False
Is 17 a factor of 7786?
True
Does 33 divide 66?
True
Is 13 a factor of 15275?
True
Does 46 divide 61824?
True
Does 6 divide 690?
True
Is 214 a factor of 39376?
True
Is 16996 a multiple of 14?
True
Does 5 divide 455?
True
Is 48 a factor of 4714?
False
Is 710 a multiple of 42?
False
Does 9 divide 192?
False
Is 596 a multiple of 11?
False
Does 92 divide 4666?
False
Does 8 divide 33792?
True
Is 10 a factor of 135?
False
Is 13 a factor of 1775?
False
Is 2 a factor of 26?
True
Is 23 a factor of 1436?
False
Is 2331 a multiple of 62?
False
Is 116874 a multiple of 43?
True
Does 48 divide 14304?
True
Is 501 a multiple of 50?
False
Does 12 divide 520?
False
Does 33 divide 3861?
True
Is 11830 a multiple of 130?
True
Is 163 a multiple of 39?
False
Is 37 a factor of 15281?
True
Is 14122 a multiple of 116?
False
Is 51 a factor of 5559?
True
Is 47 a factor of 32804?
False
Is 17415 a multiple of 45?
True
Does 3 divide 639?
True
Is 12 a factor of 26760?
True
Is 12535 a multiple of 115?
True
Does 16 divide 96?
True
Does 41 divide 82?
True
Does 48 divide 610?
False
Is 12 a factor of 2472?
True
Is 83 a factor of 857?
False
Does 213 divide 77278?
False
Is 99 a factor of 396?
True
Is 7860 a multiple of 60?
True
Is 360 a multiple of 15?
True
Does 49 divide 1931?
False
Is 61937 a multiple of 100?
False
Is 30912 a multiple of 14?
True
Is 1167 a multiple of 23?
False
Is 24731 a multiple of 30?
False
Is 9665 a multiple of 8?
False
Is 20 a factor of 2656?
False
Is 55 a factor of 141?
False
Does 14 divide 369?
False
Does 19 divide 11555?
False
Is 178 a multiple of 28?
False
Is 1279 a multiple of 6?
False
Is 283 a factor of 11603?
True
Does 111 divide 31635?
True
Does 173 divide 9933?
False
Is 15275 a multiple of 4?
False
Does 7 divide 1353?
False
Does 35 divide 2086?
False
Does 247 divide 50388?
True
Is 7 a factor of 433?
False
Is 70 a factor of 3671?
False
Is 53 a factor of 3763?
True
Does 13 divide 1085?
False
Is 11004 a multiple of 7?
True
Does 3 divide 108?
True
Is 272 a factor of 172001?
False
Does 8 divide 351?
False
Is 9783 a multiple of 9?
True
Is 2141 a multiple of 86?
False
Is 11 a factor of 26433?
True
Is 102 a multiple of 6?
True
Is 199 a multiple of 30?
False
Is 3042 a multiple of 11?
False
Is 33 a factor of 495?
True
Does 3 divide 167?
False
Is 48 a factor of 8658?
False
Is 4998 a multiple of 14?
True
Does 9 divide 3231?
True
Does 35 divide 17185?
True
Is 1847 a multiple of 76?
False
Does 16 divide 18576?
True
Is 7082 a multiple of 42?
False
Is 5745 a multiple of 15?
True
Is 6586 a multiple of 47?
False
Is 33 a factor of 14487?
True
Does 24 divide 3968?
False
Is 96 a factor of 2547?
False
Is 18973 a multiple of 44?
False
Is 874 a multiple of 7?
False
Is 93 a factor of 69031?
False
Does 36 divide 29063?
False
Is 18489 a multiple of 12?
False
Is 48 a multiple of 3?
True
Does 10 divide 5050?
True
Is 2815 a multiple of 5?
True
Does 10 divide 5131?
False
Is 12 a factor of 1368?
True
Is 47 a factor of 39339?
True
Is 6516 a multiple of 10?
False
Does 11 divide 38400?
False
Is 51 even?
False
Is 11 a factor of 1877?
False
Is 5336 a multiple of 58?
True
Is 19857 a multiple of 111?
False
Is 47 a factor of 2867?
True
Does 24 divide 6432?
True
Does 56 divide 13984?
False
Is 11 a factor of 10816?
False
Is 129 a factor of 1956?
False
Is 16 a factor of 566?
False
Is 34 a factor of 1190?
True
Is 1056 a multiple of 8?
True
Does 93 divide 1581?
True
Is 14 a factor of 5068?
True
Does 102 divide 4683?
False
Is 165 a factor of 70530?
False
Is 14058 a multiple of 20?
False
Does 11 divide 1121?
False
Does 14 divide 11055?
False
Is 37932 a multiple of 188?
False
Is 39996 a multiple of 12?
True
Is 130 a multiple of 5?
True
Is 10152 a multiple of 18?
True
Is 129 a multiple of 9?
False
Does 7 divide 418?
False
Is 44583 a multiple of 23?
False
Does 193 divide 21230?
True
Does 12 divide 2748?
True
Does 10 divide 15470?
True
Does 37 divide 30642?
False
Is 17205 a multiple of 46?
False
Is 2196 a multiple of 36?
True
Does 104 divide 38806?
False
Is 112 a factor of 1344?
True
Does 37 divide 1554?
True
Is 26 a factor of 18868?
False
Does 192 divide 16434?
False
Is 90 a multiple of 4?
False
Is 9 a factor of 2097?
True
Is 438 a multiple of 7?
False
Is 52 a factor of 26364?
True
Is 69 a factor of 6575?
False
Does 12 divide 11811?
False
Does 14 divide 6458?
False
Is 14 a factor of 28?
True
Is 14 a factor of 64730?
False
Does 15 divide 28128?
False
Is 80648 a multiple of 127?
False
Is 69 a factor of 33085?
False
Does 5 divide 1790?
True
Does 118 divide 1162?
False
Is 78 a factor of 3042?
True
Is 583 a multiple of 17?
False
Is 3714 a multiple of 43?
False
Is 540 a multiple of 6?
True
Is 3933 a multiple of 2?
False
Is 49 a factor of 735?
True
Is 1427 a multiple of 20?
False
Is 114 a multiple of 3?
T